the hundreds digit of p?
7
Suppose 2*s - 10253 = -5*c + 1483, -5*c = 5*s - 29370. What is the thousands digit of s?
5
Suppose -9584 - 11026 = -6*o. What is the hundreds digit of o?
4
Suppose -d = -3*o - 1822, -27*d + 22*d = 3*o - 9038. What is the hundreds digit of d?
8
What is the tens digit of 0 - (-293)/(-2)*-4?
8
Let x be 5/((-10)/(-4))*14. Let z be 189/x - 3/4. What is the units digit of 244/z - (-12)/(-18)?
0
What is the hundreds digit of ((-276)/10)/((-9)/120) + -2?
3
Let f be (-52)/(-7) + (-6)/14. Let k(z) = -z**3 - 8*z**2 - 5*z + 3. Let j(l) = -l**3 - l**2 - l. Let m(h) = -2*j(h) + k(h). What is the tens digit of m(f)?
3
Let a be (-5)/(-25) - 322/10. Let k = a + 34. Suppose 4*t + 3*z = 175, -k*t + 195 = 3*t - z. What is the units digit of t?
0
Suppose 5 + 7 = 3*h. Let z(i) = 0*i - 2*i - 11 + 5*i. What is the units digit of z(h)?
1
Let u = -575 - -987. What is the units digit of u?
2
Suppose -2*u + 324 + 118 = 0. Suppose 3*v = u - 53. What is the units digit of v?
6
Let c = -11 + 15. Let q(t) be the first derivative of 3*t**2/2 + t + 14. What is the tens digit of q(c)?
1
Suppose -3*b + 6*b = 6. Let i be b + 3/3*3. Suppose 65 = i*p - z, 4*p - z - z = 52. What is the units digit of p?
3
Let f = 169 + -81. Let y = f - -2. What is the units digit of y?
0
What is the tens digit of (10523/(-34))/((-2)/4)?
1
Let t = 2330 - 1203. What is the tens digit of t?
2
Let t(b) = -b**2 - b + 1. Let h be t(2). Let p = h - -5. Suppose 2 = -p*l + l. What is the units digit of l?
2
Let c be ((-6)/5)/((-6)/(-15)). Let l(n) = -n**3 - 2*n**2 + n + 4. Let d be l(c). Suppose 4*t = 4*v - 84, 3*v + d = 2*t + 72. What is the tens digit of v?
2
Let d(k) = 16*k - 2. Let j be d(4). Let n be (0 - -41)/((-3 - -2)*-1). Suppose -z = 3*h - n, -3*z + j - 9 = 4*h. What is the tens digit of h?
1
Suppose 73*z = 2077 + 17560. What is the units digit of z?
9
Suppose -3*v = -i - 2228, -3*v = -4*i - 1696 - 520. What is the units digit of v?
4
What is the tens digit of 112 + 22 + 0/(-3)?
3
Let w(k) be the first derivative of k**3/3 - k**2/2 - k - 1. What is the tens digit of w(6)?
2
Let m(u) be the second derivative of u**4/12 + 3*u**3/2 + 6*u**2 + 4*u. Let p be m(-9). Suppose p = -2*x + 48. What is the tens digit of x?
1
Let u be ((-24)/(-9))/(2/3). Let o = -35 - -35. Suppose 0 = u*a + b - 18, o*a + a - 7 = b. What is the units digit of a?
5
Let y(r) = -r**3 - 2*r**2 - 2*r + 2. Let c be y(-2). Suppose 30 = -w + c*w. Suppose -2*g + w + 4 = 0. What is the units digit of g?
5
What is the hundreds digit of 7076/18 - 4/36?
3
Let x(h) = -16*h**3 + 6*h**2 + h - 1. Let p be -2*3/3*1. What is the units digit of x(p)?
9
Let h(l) = 2*l**3 - 2*l**3 + 0*l - l**2 - 3*l + 30 - l**3. What is the tens digit of h(0)?
3
Let q be 18/(-15)*200/15. Suppose 4*l + 3*o - 199 = 2*o, 0 = l + 5*o - 26. Let v = l + q. What is the tens digit of v?
3
Let c(v) = -114*v + 18*v**2 - 3*v**2 - 1 + 116*v. What is the units digit of c(1)?
6
Let y(h) = 5*h - 21. Let g be y(5). Suppose g*i - i - 39 = 0. What is the units digit of i?
3
Let f(z) = z + 5. Let b be f(-1). Suppose 314 + 94 = b*t. What is the hundreds digit of t?
1
Let d(k) = k**3 + 5*k**2 - 7*k - 1. Suppose 0 = m + 6. Let s be d(m). Suppose t - s = -0. What is the units digit of t?
5
Let s = -132 + 264. What is the units digit of s?
2
Let m = 215 + -141. Suppose 0*j = -c - j + 1, -4*c - j + 19 = 0. Suppose -208 = -c*q + m. What is the units digit of q?
7
Suppose 3*a + 18 = 4*k, -4*k + 4*a + 9 = -7. Suppose i = k*i - 25, 4*i = -4*n + 272. What is the tens digit of n?
6
Suppose -3*v = -5*u - 161 - 1060, 0 = 5*v + u - 2035. What is the units digit of v?
7
Let c(u) = -u**2 - 8*u + 42. Let p be c(-11). Suppose -18*h + p*h = -999. What is the hundreds digit of h?
1
Let y(l) be the second derivative of -13*l**5/10 + l**4/12 + l**3/3 + 5*l**2/2 - 20*l. What is the tens digit of y(-2)?
1
Let a = -364 + 521. What is the units digit of a?
7
Let x(d) be the second derivative of -d**5/20 - d**4/2 - d**3/2 + 15*d**2/2 - 4*d. What is the tens digit of x(-7)?
8
Suppose -12*q + 20*q - 4528 = 0. Let t = -332 + q. What is the tens digit of t?
3
Let a(u) = u**3 + 42*u**2 + 22*u + 38. What is the units digit of a(-41)?
7
Suppose -5 = y - 12. Suppose -48 = -4*n - 2*r, 0 = -n - r + y + 4. What is the tens digit of n?
1
What is the tens digit of 89088/60 + (-3)/(45/12)?
8
Let s be 0 - 63/(-15) - 3/15. Suppose -25 = -2*g + 5*j, g - s*g = -j - 31. What is the tens digit of g?
1
Let t(a) be the first derivative of 2*a**3/3 + a**2/2 - 16*a + 8. What is the units digit of t(-8)?
4
Suppose 43*l - 39*l = 336. Let m = 198 - l. What is the units digit of m?
4
Suppose 3*r = -15, -r + 105 = -5*h - 3*r. What is the units digit of h/(-5) + 5/25?
4
Suppose -8*d + 8048 = -4*d. What is the units digit of -2 + (-224)/(-120) - d/(-15)?
4
Let v = -397 - -592. What is the hundreds digit of v?
1
Let c(m) = 3*m. Let o be c(3). Suppose -7*a + 10*a = o. Suppose 3*w - 48 = -0*w + a*b, -4*b - 20 = 0. What is the tens digit of w?
1
Let h(b) = -b**2 - b. Let k be h(-3). Let v(y) = y**3 + 9*y**2 + 190 - 201 - 3*y**2 - 9*y. What is the tens digit of v(k)?
4
Let p = 30 + -33. Let h(o) = -8*o + 9. What is the units digit of h(p)?
3
Suppose 19*t - 18592 = 5842. What is the hundreds digit of t?
2
Let q = -194 + 323. Suppose g - q = 52. What is the hundreds digit of g?
1
Let a be 48/(-22) + (-8)/(-44). What is the units digit of ((-4)/(-40))/(a/(-456))*5?
4
Let y(g) = -g - 24 + 24 - g**2. Let d(h) = -4*h**2 + 9*h + 4. Let m(s) = -d(s) + 5*y(s). What is the units digit of m(-11)?
9
Let i(s) = -s**3 - 4*s**2 - 4. Let r be i(-3). Suppose -2*f + o + 54 = 0, 0 = -2*f - 2*f - 5*o + 80. Let n = f + r. What is the units digit of n?
2
Suppose h + 3*r - 3340 = 0, -r + 10239 = 4*h - 3165. What is the units digit of h?
2
Let f(s) = 280*s**2 + 34*s - 158. What is the tens digit of f(4)?
5
Suppose 0 = -2*p - 0*y - 2*y + 20, 0 = 4*p + y - 25. Suppose 0 = 2*b - p*o - 9, -o + 9 = b + 4*b. What is the units digit of b + 62 + (-2 - 1)?
1
Let g = 622 + -151. What is the tens digit of g?
7
Let l(d) = -d + 16. Let g be l(8). What is the units digit of ((-18)/(-8))/(g/96)?
7
Let k = -177 + 113. What is the units digit of 0 - 18/4*k/3?
6
Let n = 386 - 189. What is the units digit of n?
7
Suppose -j + 0*j + 1159 = -4*g, 3*j - 3466 = g. What is the units digit of j?
5
Let j(x) = -x**2 - 15*x - 27. Let h be j(-12). Suppose -243 = -h*v - 54. What is the tens digit of v?
2
Let u = 339 - -429. What is the units digit of u?
8
Let y = -26 - -190. What is the tens digit of 0 + (y - (-6)/3)?
6
Let c(b) = b**3 - 9*b**2 + 8*b + 3. Let g be c(10). Suppose -v + 232 = 4*s, 3*s + v + 2*v - g = 0. What is the units digit of s - (-1 - -3)*-1?
9
Suppose -34*j + 29*j = -35. Let f = 4 + j. What is the tens digit of f?
1
Let d be (5/4)/(24/96). Suppose 4*l = d*l - 105. What is the units digit of l?
5
Let g(f) = 25*f + 94. What is the tens digit of g(11)?
6
Let b(t) = -t - 1. Let q(f) = -4*f - 2. Let i(c) = -5*b(c) + q(c). Let w be i(0). Suppose w*k = -2*k + 90. What is the units digit of k?
8
Let z = 57 - 44. Suppose 0 = -z*j + 14*j - 67. What is the units digit of j?
7
Suppose -2*i - 2*f - 198 = -2738, -i + 2*f + 1264 = 0. What is the thousands digit of i?
1
Let g(d) = -d**3 - 3*d**2 + 2*d - 18. Let i be g(-6). What is the tens digit of 1*3*(-15)/((-135)/i)?
2
Suppose -2*w = -3*w + 50. Let s = 5 - w. Let g = 75 + s. What is the tens digit of g?
3
Suppose -4*m = -3*r + 11, -2*r + m + 15 = 6*m. What is the tens digit of ((-672)/60)/((-1)/r)?
5
What is the units digit of (-1813)/(-35) + (-1)/(-5)?
2
Suppose 15*l - 11235 = 8190. What is the tens digit of l?
9
Let y = 1324 - 513. What is the hundreds digit of y?
8
Let a = -742 - -1278. Suppose -2*n = -10*n + a. What is the tens digit of n?
6
Let d(r) = -30*r - 4. Let l(x) be the second derivative of x**2/2 + 10*x. Let g(s) = d(s) + 2*l(s). What is the units digit of g(-1)?
8
Let g(u) = -u - 3. Let c be g(-2). What is the tens digit of (-124)/(-2) - 2/c?
6
Let t = 2751 - 2294. What is the units digit of t?
7
Let o(r) = r**3 - 14*r**2 - 2*r + 32. Let x be o(14). Suppose 5*f - 3*f = x*h + 472, 3*h - 9 = 0. What is the units digit of f?
2
Suppose 77*r + 1513 = 78*r. What is the units digit of r?
3
Suppose 0 = 6*n